{"id":7,"date":"2013-05-21T15:21:03","date_gmt":"2013-05-21T14:21:03","guid":{"rendered":"http:\/\/www.residence-marmottane.com\/montalbert\/?page_id=7"},"modified":"2014-10-06T14:03:38","modified_gmt":"2014-10-06T13:03:38","slug":"health-center","status":"publish","type":"page","link":"https:\/\/www.residence-marmottane.com\/english\/health-center\/","title":{"rendered":"Health center"},"content":{"rendered":"<p><a href=\"http:\/\/www.residence-marmottane.com\/wp-content\/uploads\/2013\/05\/salle-balneo-la-marmottane.jpg\"><img loading=\"lazy\" class=\"alignright size-medium wp-image-309\" title=\"Health center in La Plagne Montalbert\" alt=\"Health center in La Plagne Montalbert\" src=\"http:\/\/www.residence-marmottane.com\/wp-content\/uploads\/2013\/05\/salle-balneo-la-marmottane-300x199.jpg\" width=\"300\" height=\"199\" \/><\/a><\/p>\n<p><strong><br \/>\nSwimming pool, health center in a residence in La Plagne Montalbert.<\/strong><\/p>\n<p>You will come and relax in this place or enjoy the fitness room.<\/p>\n<p>Schedule of the day : Bubble pane, swimming across the grain, sauna, jacuzzi and turkish bath: relaxation after a day of ski !<\/p>\n<p><strong>Your accomodation in La Plagne with an internal swimming pool.<\/strong><\/p>\n<p><a href=\"http:\/\/www.residence-marmottane.com\/wp-content\/uploads\/2013\/05\/piscine-interieure-la-marmottane-02.jpg\"><img loading=\"lazy\" class=\"size-medium wp-image-308 alignleft\" title=\"Piscine int\u00e9rieure - R\u00e9sidence la Marmottane \u00e0 La Plagne\" alt=\"Internal swimming pool\" src=\"http:\/\/www.residence-marmottane.com\/wp-content\/uploads\/2013\/05\/piscine-interieure-la-marmottane-02-300x199.jpg\" width=\"300\" height=\"199\" \/><\/a> <a href=\"http:\/\/www.residence-marmottane.com\/wp-content\/uploads\/2013\/05\/piscine-interieure-la-marmottane-01.jpg\"><img loading=\"lazy\" class=\"size-medium wp-image-307 alignleft\" title=\"Piscine int\u00e9rieure - R\u00e9sidence la Marmottane \u00e0 La Plagne\" alt=\"Internal swimming pool\" src=\"http:\/\/www.residence-marmottane.com\/wp-content\/uploads\/2013\/05\/piscine-interieure-la-marmottane-01-300x199.jpg\" width=\"300\" height=\"199\" \/><\/a><\/p>\n","protected":false},"excerpt":{"rendered":"<p>Swimming pool, health center in a residence in La Plagne Montalbert. You will come and relax in this place or enjoy the fitness room. Schedule of the day : Bubble pane, swimming across the grain, sauna, jacuzzi and turkish bath: &hellip; <a href=\"https:\/\/www.residence-marmottane.com\/english\/health-center\/\">Lire la suite <span class=\"meta-nav\">&rarr;<\/span><\/a><\/p>\n","protected":false},"author":1,"featured_media":0,"parent":0,"menu_order":20,"comment_status":"closed","ping_status":"closed","template":"","meta":{"ngg_post_thumbnail":0},"_links":{"self":[{"href":"https:\/\/www.residence-marmottane.com\/english\/wp-json\/wp\/v2\/pages\/7"}],"collection":[{"href":"https:\/\/www.residence-marmottane.com\/english\/wp-json\/wp\/v2\/pages"}],"about":[{"href":"https:\/\/www.residence-marmottane.com\/english\/wp-json\/wp\/v2\/types\/page"}],"author":[{"embeddable":true,"href":"https:\/\/www.residence-marmottane.com\/english\/wp-json\/wp\/v2\/users\/1"}],"replies":[{"embeddable":true,"href":"https:\/\/www.residence-marmottane.com\/english\/wp-json\/wp\/v2\/comments?post=7"}],"version-history":[{"count":15,"href":"https:\/\/www.residence-marmottane.com\/english\/wp-json\/wp\/v2\/pages\/7\/revisions"}],"predecessor-version":[{"id":263,"href":"https:\/\/www.residence-marmottane.com\/english\/wp-json\/wp\/v2\/pages\/7\/revisions\/263"}],"wp:attachment":[{"href":"https:\/\/www.residence-marmottane.com\/english\/wp-json\/wp\/v2\/media?parent=7"}],"curies":[{"name":"wp","href":"https:\/\/api.w.org\/{rel}","templated":true}]}}